ainder when 707 is divided by 214.
65
What is the remainder when 114 is divided by 7?
2
Calculate the remainder when 1501 is divided by 47.
44
What is the remainder when 1737 is divided by 20?
17
Calculate the remainder when 2150 is divided by 522.
62
Calculate the remainder when 739 is divided by 13.
11
What is the remainder when 857 is divided by 78?
77
Calculate the remainder when 15261 is divided by 318.
315
What is the remainder when 50 is divided by 17?
16
What is the remainder when 1150 is divided by 239?
194
Calculate the remainder when 737 is divided by 165.
77
Calculate the remainder when 165 is divided by 56.
53
What is the remainder when 126 is divided by 51?
24
What is the remainder when 812 is divided by 26?
6
Calculate the remainder when 1883 is divided by 52.
11
What is the remainder when 163 is divided by 41?
40
Calculate the remainder when 220 is divided by 23.
13
Calculate the remainder when 5237 is divided by 107.
101
What is the remainder when 1757 is divided by 11?
8
What is the remainder when 710 is divided by 211?
77
What is the remainder when 754 is divided by 273?
208
Calculate the remainder when 161 is divided by 41.
38
Calculate the remainder when 356 is divided by 350.
6
Calculate the remainder when 502 is divided by 18.
16
Calculate the remainder when 1787 is divided by 12.
11
What is the remainder when 297 is divided by 60?
57
Calculate the remainder when 179 is divided by 38.
27
What is the remainder when 9094 is divided by 6?
4
What is the remainder when 7 is divided by 1?
0
Calculate the remainder when 4476 is divided by 112.
108
Calculate the remainder when 675 is divided by 103.
57
What is the remainder when 6646 is divided by 391?
390
Calculate the remainder when 339 is divided by 57.
54
Calculate the remainder when 129 is divided by 123.
6
What is the remainder when 436 is divided by 108?
4
What is the remainder when 84 is divided by 18?
12
What is the remainder when 1970 is divided by 4?
2
Calculate the remainder when 498 is divided by 266.
232
What is the remainder when 421 is divided by 39?
31
Calculate the remainder when 94 is divided by 10.
4
Calculate the remainder when 12849 is divided by 189.
186
What is the remainder when 113 is divided by 60?
53
Calculate the remainder when 1104 is divided by 123.
120
What is the remainder when 407 is divided by 99?
11
What is the remainder when 805 is divided by 45?
40
What is the remainder when 158 is divided by 44?
26
Calculate the remainder when 1254 is divided by 212.
194
What is the remainder when 581 is divided by 117?
113
What is the remainder when 8296 is divided by 166?
162
Calculate the remainder when 18708 is divided by 297.
294
What is the remainder when 35 is divided by 17?
1
Calculate the remainder when 1330 is divided by 222.
220
What is the remainder when 1460 is divided by 167?
124
What is the remainder when 20 is divided by 3?
2
What is the remainder when 156 is divided by 32?
28
Calculate the remainder when 375 is divided by 26.
11
Calculate the remainder when 204 is divided by 53.
45
What is the remainder when 284 is divided by 56?
4
Calculate the remainder when 179 is divided by 18.
17
Calculate the remainder when 173 is divided by 67.
39
What is the remainder when 3436 is divided by 40?
36
What is the remainder when 117 is divided by 20?
17
What is the remainder when 1224 is divided by 137?
128
Calculate the remainder when 1866 is divided by 7.
4
What is the remainder when 137 is divided by 18?
11
Calculate the remainder when 177 is divided by 85.
7
What is the remainder when 138 is divided by 77?
61
What is the remainder when 248 is divided by 25?
23
What is the remainder when 500 is divided by 130?
110
What is the remainder when 130 is divided by 17?
11
Calculate the remainder when 132 is divided by 68.
64
What is the remainder when 1414 is divided by 1342?
72
What is the remainder when 51 is divided by 28?
23
What is the remainder when 4364 is divided by 156?
152
What is the remainder when 1940 is divided by 108?
104
Calculate the remainder when 76 is divided by 65.
11
Calculate the remainder when 269 is divided by 86.
11
Calculate the remainder when 49318 is divided by 137.
135
Calculate the remainder when 97 is divided by 61.
36
Calculate the remainder when 168 is divided by 69.
30
Calculate the remainder when 1182 is divided by 74.
72
What is the remainder when 989 is divided by 83?
76
What is the remainder when 1102 is divided by 74?
66
What is the remainder when 157 is divided by 83?
74
Calculate the remainder when 3471 is divided by 139.
135
What is the remainder when 2223 is divided by 8?
7
What is the remainder when 188 is divided by 43?
16
Calculate the remainder when 172 is divided by 25.
22
Calculate the remainder when 490 is divided by 72.
58
Calculate the remainder when 246 is divided by 126.
120
Calculate the remainder when 45 is divided by 23.
22
Calculate the remainder when 116 is divided by 39.
38
Calculate the remainder when 432 is divided by 139.
15
Calculate the remainder when 57 is divided by 20.
17
What is the remainder when 1179 is divided by 91?
87
Calculate the remainder when 1050 is divided by 88.
82
Calculate the remainder when 23 is divided by 6.
5
Calculate the remainder when 1176 is divided by 165.
21
What is the remainder when 155 is divided by 14?
1
What is the remainder when 299 is divided by 52?
39
What is the remainder when 2429 is divided by 22?
9
What is the remainder when 805 is divided by 28?
21
Calculate the remainder when 7121 is divided by 54.
47
What is the remainder when 1784 is divided by 119?
118
Calculate the remainder when 659 is divided by 84.
71
Calculate the remainder when 1210 is divided by 128.
58
What is the remainder when 2063 is divided by 208?
191
Calculate the remainder when 84 is divided by 20.
4
What is the remainder when 976 is divided by 81?
4
Calculate the remainder when 2310 is divided by 34.
32
What is the remainder when 3157 is divided by 351?
349
Calculate the remainder when 10852 is divided by 33.
28
What is the remainder when 2131 is divided by 3?
1
Calculate the remainder when 418 is divided by 70.
68
Calculate the remainder when 3516 is divided by 88.
84
What is the remainder when 877 is divided by 77?
30
What is the remainder when 27 is divided by 5?
2
Calculate the remainder when 146 is divided by 31.
22
Calculate the remainder when 1455 is divided by 52.
51
Calculate the remainder when 820 is divided by 6.
4
What is the remainder when 1250 is divided by 9?
8
What is the remainder when 75 is divided by 41?
34
Calculate the remainder when 1689 is divided by 94.
91
Calculate the remainder when 11434 is divided by 2858.
2
Calculate the remainder when 253 is divided by 15.
13
What is the remainder when 13607 is divided by 28?
27
What is the remainder when 1151 is divided by 81?
17
Calculate the remainder when 30 is divided by 8.
6
Calculate the remainder when 306 is divided by 152.
2
Calculate the remainder when 341 is divided by 89.
74
Calculate the remainder when 310 is divided by 35.
30
What is the remainder when 63 is divided by 39?
24
Calculate the remainder when 651 is divided by 16.
11
Calculate the remainder when 327 is divided by 81.
3
What is the remainder when 204 is divided by 55?
39
Calculate the remainder when 6999 is divided by 250.
249
Calculate the remainder when 1885 is divided by 125.
10
What is the remainder when 923 is divided by 909?
14
What is the remainder when 872 is divided by 183?
140
What is the remainder when 142 is divided by 12?
10
Calculate the remainder when 366 is divided by 8.
6
Calculate the remainder when 748 is divided by 8.
4
Calculate the remainder when 950 is divided by 188.
10
Calculate the remainder when 12925 is divided by 128.
125
Calculate the remainder when 492 is divided by 251.
241
What is the remainder when 195 is divided by 28?
27
What is the remainder when 308 is divided by 105?
98
What is the remainder when 629 is divided by 150?
29
Calculate the remainder when 52 is divided by 22.
8
What is the remainder when 24007 is divided by 98?
95
Calculate the remainder when 102 is divided by 73.
29
Calculate the remainder when 795 is divided by 42.
39
What is the remainder when 760 is divided by 127?
125
Calculate the rem